{"id":1865,"date":"2021-12-28T23:18:26","date_gmt":"2021-12-28T22:18:26","guid":{"rendered":"https:\/\/angels.ba\/cars\/?post_type=product&#038;p=1865"},"modified":"2023-02-17T16:19:57","modified_gmt":"2023-02-17T15:19:57","slug":"citroen-c4-grand-picasso-virtual-2015-g","status":"publish","type":"product","link":"https:\/\/angels.ba\/cars\/automobil\/citroen-c4-grand-picasso-virtual-2015-g\/","title":{"rendered":"CITROEN C4 GRAND PICASSO VIRTUAL 2015"},"content":{"rendered":"<ul>\n<li>Virtuelni kokpit;<\/li>\n<li>Kamera za vo\u017enju nazad;<\/li>\n<li>Keyless door lock;<\/li>\n<li>LED prednja, zadnja i rikverc svijetla;<\/li>\n<li>Kuka;<\/li>\n<li>Krovni nosa\u010d u orginalnom pakovanju, nikada kori\u0161ten;<\/li>\n<li>Sistem za nadzor mrtvog ugla sa signalom u retrovizorima;<\/li>\n<\/ul>\n","protected":false},"excerpt":{"rendered":"<p>ANGEL&#8217;S CARS garantuje kilometra\u017eu na\u0161ih vozila. Obezbje\u0111ujemo Raiffeisen leasing za koji odgovor dobijete za sat vremena. Ne radimo zamjenu automobila.<\/p>\n","protected":false},"featured_media":1866,"template":"","meta":{"_et_pb_use_builder":"","_et_pb_old_content":"","_et_gb_content_width":"","inline_featured_image":false},"product_cat":[32],"product_tag":[],"class_list":["post-1865","product","type-product","status-publish","has-post-thumbnail","hentry","product_cat-prodato","pa_godina-17","pa_gorivo-dizel","pa_kilometraza-244","pa_model-grand-c4-picasso","pa_proizvodjac-citroen","berocket_lgv_grid","berocket_lgv_list_grid"],"aioseo_notices":[],"_links":{"self":[{"href":"https:\/\/angels.ba\/cars\/wp-json\/wp\/v2\/product\/1865","targetHints":{"allow":["GET"]}}],"collection":[{"href":"https:\/\/angels.ba\/cars\/wp-json\/wp\/v2\/product"}],"about":[{"href":"https:\/\/angels.ba\/cars\/wp-json\/wp\/v2\/types\/product"}],"wp:featuredmedia":[{"embeddable":true,"href":"https:\/\/angels.ba\/cars\/wp-json\/wp\/v2\/media\/1866"}],"wp:attachment":[{"href":"https:\/\/angels.ba\/cars\/wp-json\/wp\/v2\/media?parent=1865"}],"wp:term":[{"taxonomy":"product_cat","embeddable":true,"href":"https:\/\/angels.ba\/cars\/wp-json\/wp\/v2\/product_cat?post=1865"},{"taxonomy":"product_tag","embeddable":true,"href":"https:\/\/angels.ba\/cars\/wp-json\/wp\/v2\/product_tag?post=1865"}],"curies":[{"name":"wp","href":"https:\/\/api.w.org\/{rel}","templated":true}]}}