{"id":1964,"date":"2022-02-24T19:58:52","date_gmt":"2022-02-24T18:58:52","guid":{"rendered":"https:\/\/angels.ba\/cars\/?post_type=product&#038;p=1964"},"modified":"2022-04-01T12:44:12","modified_gmt":"2022-04-01T10:44:12","slug":"renault-megane-1-5-dci-led-2016-g","status":"publish","type":"product","link":"https:\/\/angels.ba\/cars\/automobil\/renault-megane-1-5-dci-led-2016-g\/","title":{"rendered":"RENAULT MEGANE 1.5 DCI LED 2016"},"content":{"rendered":"","protected":false},"excerpt":{"rendered":"<p>ANGEL&#8217;S CARS garantuje kilometra\u017eu na\u0161ih vozila. Obezbje\u0111ujemo Raiffeisen leasing za koji odgovor dobijete za sat vremena. Ne radimo zamjenu automobila.<\/p>\n","protected":false},"featured_media":1966,"template":"","meta":{"_et_pb_use_builder":"","_et_pb_old_content":"","_et_gb_content_width":"","inline_featured_image":false},"product_cat":[30],"product_tag":[],"class_list":["post-1964","product","type-product","status-publish","has-post-thumbnail","hentry","product_cat-u-ponudi","pa_godina-25","pa_gorivo-dizel","pa_kilometraza-252","pa_model-megane","pa_proizvodjac-renault","berocket_lgv_grid","berocket_lgv_list_grid"],"aioseo_notices":[],"_links":{"self":[{"href":"https:\/\/angels.ba\/cars\/wp-json\/wp\/v2\/product\/1964","targetHints":{"allow":["GET"]}}],"collection":[{"href":"https:\/\/angels.ba\/cars\/wp-json\/wp\/v2\/product"}],"about":[{"href":"https:\/\/angels.ba\/cars\/wp-json\/wp\/v2\/types\/product"}],"wp:featuredmedia":[{"embeddable":true,"href":"https:\/\/angels.ba\/cars\/wp-json\/wp\/v2\/media\/1966"}],"wp:attachment":[{"href":"https:\/\/angels.ba\/cars\/wp-json\/wp\/v2\/media?parent=1964"}],"wp:term":[{"taxonomy":"product_cat","embeddable":true,"href":"https:\/\/angels.ba\/cars\/wp-json\/wp\/v2\/product_cat?post=1964"},{"taxonomy":"product_tag","embeddable":true,"href":"https:\/\/angels.ba\/cars\/wp-json\/wp\/v2\/product_tag?post=1964"}],"curies":[{"name":"wp","href":"https:\/\/api.w.org\/{rel}","templated":true}]}}