{"id":625,"date":"2020-05-23T23:14:54","date_gmt":"2020-05-23T21:14:54","guid":{"rendered":"https:\/\/angels.ba\/cars\/?post_type=product&#038;p=625"},"modified":"2022-04-01T12:50:50","modified_gmt":"2022-04-01T10:50:50","slug":"renault-megane-1-5-dci-2016-g","status":"publish","type":"product","link":"https:\/\/angels.ba\/cars\/automobil\/renault-megane-1-5-dci-2016-g\/","title":{"rendered":"RENAULT MEGANE 1.5 DCI 2016"},"content":{"rendered":"<p><div class='one_fourth et_column_last'>\n\t\t\t\t\t\n\t\t\t\t<\/div><div class='clear'><\/div>Vozilo sa novim Michelin Alpin 6 gumama.<\/p>\n<p>Posjedujemo elektronsku bazu podataka za sve njegove servise.<\/p>\n","protected":false},"excerpt":{"rendered":"<p>381,26 KM rata na 48 mjeseci-leasing<\/p>\n<p>ANGEL&#8217;S CARS garantuje kilometra\u017eu na\u0161ih vozila. Obezbje\u0111ujemo Raiffeisen leasing za koji odgovor dobijete za sat vremena. Ne radimo zamjenu automobila.<\/p>\n","protected":false},"featured_media":626,"template":"","meta":{"_et_pb_use_builder":"","_et_pb_old_content":"","_et_gb_content_width":"","inline_featured_image":false},"product_cat":[32],"product_tag":[],"class_list":["post-625","product","type-product","status-publish","has-post-thumbnail","hentry","product_cat-prodato","pa_godina-25","pa_gorivo-dizel","pa_kilometraza-122","pa_model-megane","pa_proizvodjac-renault","berocket_lgv_grid","berocket_lgv_list_grid"],"aioseo_notices":[],"_links":{"self":[{"href":"https:\/\/angels.ba\/cars\/wp-json\/wp\/v2\/product\/625","targetHints":{"allow":["GET"]}}],"collection":[{"href":"https:\/\/angels.ba\/cars\/wp-json\/wp\/v2\/product"}],"about":[{"href":"https:\/\/angels.ba\/cars\/wp-json\/wp\/v2\/types\/product"}],"wp:featuredmedia":[{"embeddable":true,"href":"https:\/\/angels.ba\/cars\/wp-json\/wp\/v2\/media\/626"}],"wp:attachment":[{"href":"https:\/\/angels.ba\/cars\/wp-json\/wp\/v2\/media?parent=625"}],"wp:term":[{"taxonomy":"product_cat","embeddable":true,"href":"https:\/\/angels.ba\/cars\/wp-json\/wp\/v2\/product_cat?post=625"},{"taxonomy":"product_tag","embeddable":true,"href":"https:\/\/angels.ba\/cars\/wp-json\/wp\/v2\/product_tag?post=625"}],"curies":[{"name":"wp","href":"https:\/\/api.w.org\/{rel}","templated":true}]}}