{"id":648,"date":"2020-05-23T23:32:48","date_gmt":"2020-05-23T21:32:48","guid":{"rendered":"https:\/\/angels.ba\/cars\/?post_type=product&#038;p=648"},"modified":"2022-04-01T12:49:24","modified_gmt":"2022-04-01T10:49:24","slug":"passat-8-2-0-tdi-2016-g","status":"publish","type":"product","link":"https:\/\/angels.ba\/cars\/automobil\/passat-8-2-0-tdi-2016-g\/","title":{"rendered":"PASSAT 8 2.0 TDI 2016"},"content":{"rendered":"","protected":false},"excerpt":{"rendered":"<div class=\"artikal_detaljniopis_tekst\">614,26 KM rata na 48 mjeseci-leasing<\/div>\n<div class=\"artikal_detaljniopis_tekst\">ANGEL&#8217;S CARS garantuje kilometra\u017eu na\u0161ih vozila. Obezbje\u0111ujemo Raiffeisen leasing za koji odgovor dobijete za sat vremena. Ne radimo zamjenu automobila.<\/div>\n","protected":false},"featured_media":649,"template":"","meta":{"_et_pb_use_builder":"","_et_pb_old_content":"","_et_gb_content_width":"","inline_featured_image":false},"product_cat":[32],"product_tag":[],"class_list":["post-648","product","type-product","status-publish","has-post-thumbnail","hentry","product_cat-prodato","pa_godina-25","pa_gorivo-dizel","pa_kilometraza-125","pa_model-passat","pa_proizvodjac-volkswagen","berocket_lgv_grid","berocket_lgv_list_grid"],"aioseo_notices":[],"_links":{"self":[{"href":"https:\/\/angels.ba\/cars\/wp-json\/wp\/v2\/product\/648","targetHints":{"allow":["GET"]}}],"collection":[{"href":"https:\/\/angels.ba\/cars\/wp-json\/wp\/v2\/product"}],"about":[{"href":"https:\/\/angels.ba\/cars\/wp-json\/wp\/v2\/types\/product"}],"wp:featuredmedia":[{"embeddable":true,"href":"https:\/\/angels.ba\/cars\/wp-json\/wp\/v2\/media\/649"}],"wp:attachment":[{"href":"https:\/\/angels.ba\/cars\/wp-json\/wp\/v2\/media?parent=648"}],"wp:term":[{"taxonomy":"product_cat","embeddable":true,"href":"https:\/\/angels.ba\/cars\/wp-json\/wp\/v2\/product_cat?post=648"},{"taxonomy":"product_tag","embeddable":true,"href":"https:\/\/angels.ba\/cars\/wp-json\/wp\/v2\/product_tag?post=648"}],"curies":[{"name":"wp","href":"https:\/\/api.w.org\/{rel}","templated":true}]}}